{"id":92,"date":"2023-11-21T15:52:16","date_gmt":"2023-11-21T15:52:16","guid":{"rendered":"https:\/\/bsc-floersheim.dock14.werftserver.de\/?page_id=92"},"modified":"2024-06-27T16:19:26","modified_gmt":"2024-06-27T14:19:26","slug":"spielgemeinschaft","status":"publish","type":"page","link":"https:\/\/www.bsc-floersheim.de\/?page_id=92","title":{"rendered":"Spielgemeinschaft"},"content":{"rendered":"\t\t<div data-elementor-type=\"wp-page\" data-elementor-id=\"92\" class=\"elementor elementor-92\">\n\t\t\t\t<div class=\"elementor-element elementor-element-8d83073 e-flex e-con-boxed e-con e-parent\" data-id=\"8d83073\" data-element_type=\"container\">\n\t\t\t\t\t<div class=\"e-con-inner\">\n\t\t\t\t<div class=\"elementor-element elementor-element-8d735b4 sc_fly_static elementor-widget elementor-widget-trx_sc_promo\" data-id=\"8d735b4\" data-element_type=\"widget\" data-widget_type=\"trx_sc_promo.default\">\n\t\t\t\t<div class=\"elementor-widget-container\">\n\t\t\t<div  id=\"trx_sc_promo_601924247\" \n\tclass=\"sc_promo sc_promo_default sc_promo_size_normal sc_promo_image_fit sc_promo_image_position_left\"><div class=\"sc_promo_image\" style=\"background-image:url(\/\/www.bsc-floersheim.de\/wp-content\/uploads\/2024\/06\/SG_Logo-Floersh_Ruesselsh-bogen2.jpg);width:25%;left: 0;\"><\/div><!-- \/.sc_promo_image --><div class=\"sc_promo_text\" style=\"width: 75%;float: right;\">\n\t\t\t<div class=\"sc_promo_text_inner trx_addons_inline_1515701920\"><div class=\"sc_promo_content sc_item_content\"><p><em><span style=\"color: #999999;\">Unsere Spielgemeinschaft mit der DISBU R\u00fcsselsheim gab es bereits von 2010 bis 2014 (damals allerdings unter der Bezeichung \u201eSG Main Badminton Club R\u00fcsselsheim-Fl\u00f6rsheim\u201c)<\/span><\/em><\/p><\/div><\/div>\n\t\t<\/div><!-- \/.sc_promo_text --><\/div><!-- \/.sc_promo -->\t\t<\/div>\n\t\t\t\t<\/div>\n\t\t\t\t<div class=\"elementor-element elementor-element-7166c0e sc_fly_static elementor-widget elementor-widget-trx_sc_promo\" data-id=\"7166c0e\" data-element_type=\"widget\" data-widget_type=\"trx_sc_promo.default\">\n\t\t\t\t<div class=\"elementor-widget-container\">\n\t\t\t<div  id=\"trx_sc_promo_120179582\" \n\tclass=\"sc_promo sc_promo_default sc_promo_size_normal sc_promo_image_position_right\"><div class=\"sc_promo_image\" style=\"background-image:url(\/\/www.bsc-floersheim.de\/wp-content\/uploads\/2024\/01\/2022_SG-Floersheim-Ruesselsheim_Grey.jpg);width:50%;right: 0;\"><\/div><!-- \/.sc_promo_image --><div class=\"sc_promo_text\" style=\"width: 50%;float: left;\">\n\t\t\t<div class=\"sc_promo_text_inner trx_addons_inline_1073249362\"><h3 class=\"sc_item_title sc_promo_title sc_item_title_style_default\"><span class=\"sc_item_title_text\">SG Fl\u00f6rsheim \/ R\u00fcsselsheim<\/span><\/h3><span class=\"sc_item_subtitle sc_promo_subtitle sc_item_subtitle_below sc_item_title_style_default\">zusammen sind wir st\u00e4rker<\/span><div class=\"sc_promo_content sc_item_content\"><p><strong><span style=\"color: #ffffff;\">Unsere Badmintonabteilung bildet neben der Tischtennis-Sparte eine der zwei tragenden sportlichen S\u00e4ulen des Ball-Sport-Clubs 1985 Fl\u00f6rsheim am Main e.V. (Kurzform: \u201eBSC Fl\u00f6rsheim\u201c). Mit \u00fcber 60 Mitglieder in der Abteilung Badminton kommen sowohl Mannschafts- als auch Hobbyspieler zu den verschiedenen Trainingszeiten beim BSC auf ihre Kosten.<\/span><\/strong><\/p><p><strong><span style=\"color: #ffffff;\">Die bisher gr\u00f6\u00dften Erfolge waren der erstmalige Aufstieg der ersten Mannschaft (besser bekannt unter dem Namen \u201eA-Team\u201c in die Verbandsliga West im Jahr 2017, <\/span><\/strong><br \/><strong><span style=\"color: #ffffff;\">damals ohne Beteiligung eines weiteren Vereins. Diese Klasse kann bis heute - nun als Spielgemeinschaft - erfolgreich gehalten werden.<\/span><\/strong><\/p><p><strong><span style=\"color: #ffffff;\">Seit der Saison 2018\/2019 bildet der BSC Fl\u00f6rsheim die \"SG Fl\u00f6rsheim-R\u00fcsselsheim\" mit Spielerinnen und Spielern des SV DISBU aus dem benachbarten R\u00fcsselsheim. Durch diese Gemeinschaft ist es m\u00f6glich, eine hohe Anzahl von Mannschaften in unterschiedlichen Leistungsklassen aufzustellen.<\/span><\/strong><\/p><p><strong><span style=\"color: #ffffff;\">In der aktuellen Saison gehen Mannschaftsspielerinnen und -Spieler mit insgesamt mehr als f\u00fcnf Teams in verschiedenen Ligen an den Start! (Auf Hessenebene in der Verbandsliga West, auf Bezirksebene in Bezirksoberliga, Bezirksliga A und B Wiesbaden, aber auch auf Sch\u00fcler-Ebene k\u00e4mpfen unsere Sportler um die j\u00e4hrliche Meisterschaft)<\/span><\/strong><\/p><\/div><\/div>\n\t\t<\/div><!-- \/.sc_promo_text --><\/div><!-- \/.sc_promo -->\t\t<\/div>\n\t\t\t\t<\/div>\n\t\t\t\t\t<\/div>\n\t\t\t\t<\/div>\n\t\t\t\t<\/div>\n\t\t","protected":false},"excerpt":{"rendered":"<p>Unsere Spielgemeinschaft mit der DISBU R\u00fcsselsheim gab es bereits von 2010 bis 2014 (damals allerdings unter der Bezeichung \u201eSG Main&hellip;<\/p>\n","protected":false},"author":1,"featured_media":0,"parent":39,"menu_order":0,"comment_status":"closed","ping_status":"closed","template":"","meta":{"footnotes":""},"_links":{"self":[{"href":"https:\/\/www.bsc-floersheim.de\/index.php?rest_route=\/wp\/v2\/pages\/92"}],"collection":[{"href":"https:\/\/www.bsc-floersheim.de\/index.php?rest_route=\/wp\/v2\/pages"}],"about":[{"href":"https:\/\/www.bsc-floersheim.de\/index.php?rest_route=\/wp\/v2\/types\/page"}],"author":[{"embeddable":true,"href":"https:\/\/www.bsc-floersheim.de\/index.php?rest_route=\/wp\/v2\/users\/1"}],"replies":[{"embeddable":true,"href":"https:\/\/www.bsc-floersheim.de\/index.php?rest_route=%2Fwp%2Fv2%2Fcomments&post=92"}],"version-history":[{"count":61,"href":"https:\/\/www.bsc-floersheim.de\/index.php?rest_route=\/wp\/v2\/pages\/92\/revisions"}],"predecessor-version":[{"id":1385,"href":"https:\/\/www.bsc-floersheim.de\/index.php?rest_route=\/wp\/v2\/pages\/92\/revisions\/1385"}],"up":[{"embeddable":true,"href":"https:\/\/www.bsc-floersheim.de\/index.php?rest_route=\/wp\/v2\/pages\/39"}],"wp:attachment":[{"href":"https:\/\/www.bsc-floersheim.de\/index.php?rest_route=%2Fwp%2Fv2%2Fmedia&parent=92"}],"curies":[{"name":"wp","href":"https:\/\/api.w.org\/{rel}","templated":true}]}}