{"id":80,"date":"2023-11-21T15:41:14","date_gmt":"2023-11-21T15:41:14","guid":{"rendered":"https:\/\/bsc-floersheim.dock14.werftserver.de\/?page_id=80"},"modified":"2024-06-27T16:12:57","modified_gmt":"2024-06-27T14:12:57","slug":"geschichte","status":"publish","type":"page","link":"https:\/\/www.bsc-floersheim.de\/?page_id=80","title":{"rendered":"Geschichte des BSC"},"content":{"rendered":"\t\t<div data-elementor-type=\"wp-page\" data-elementor-id=\"80\" class=\"elementor elementor-80\">\n\t\t\t\t<div class=\"elementor-element elementor-element-7e61955 e-con-full e-flex e-con e-parent\" data-id=\"7e61955\" data-element_type=\"container\" data-settings=\"{&quot;background_background&quot;:&quot;slideshow&quot;,&quot;background_slideshow_gallery&quot;:[{&quot;id&quot;:120,&quot;url&quot;:&quot;https:\\\/\\\/www.bsc-floersheim.de\\\/wp-content\\\/uploads\\\/2023\\\/11\\\/General-view-of-playing-hall.-AGBergman-January-1947set-3-0005-1024x676-1.jpg&quot;}],&quot;background_slideshow_loop&quot;:&quot;yes&quot;,&quot;background_slideshow_slide_duration&quot;:5000,&quot;background_slideshow_slide_transition&quot;:&quot;fade&quot;,&quot;background_slideshow_transition_duration&quot;:500}\">\n\t\t\t\t<div class=\"elementor-element elementor-element-a7aa165 e-transform sc_fly_static elementor-widget elementor-widget-image\" data-id=\"a7aa165\" data-element_type=\"widget\" data-settings=\"{&quot;_transform_translateY_effect&quot;:{&quot;unit&quot;:&quot;px&quot;,&quot;size&quot;:140,&quot;sizes&quot;:[]},&quot;_transform_translateY_effect_tablet&quot;:{&quot;unit&quot;:&quot;px&quot;,&quot;size&quot;:90,&quot;sizes&quot;:[]},&quot;_transform_translateY_effect_mobile&quot;:{&quot;unit&quot;:&quot;px&quot;,&quot;size&quot;:55,&quot;sizes&quot;:[]},&quot;_transform_translateX_effect&quot;:{&quot;unit&quot;:&quot;px&quot;,&quot;size&quot;:&quot;&quot;,&quot;sizes&quot;:[]},&quot;_transform_translateX_effect_tablet&quot;:{&quot;unit&quot;:&quot;px&quot;,&quot;size&quot;:&quot;&quot;,&quot;sizes&quot;:[]},&quot;_transform_translateX_effect_mobile&quot;:{&quot;unit&quot;:&quot;px&quot;,&quot;size&quot;:&quot;&quot;,&quot;sizes&quot;:[]}}\" data-widget_type=\"image.default\">\n\t\t\t\t<div class=\"elementor-widget-container\">\n\t\t\t<style>\/*! elementor - v3.22.0 - 26-06-2024 *\/\n.elementor-widget-image{text-align:center}.elementor-widget-image a{display:inline-block}.elementor-widget-image a img[src$=\".svg\"]{width:48px}.elementor-widget-image img{vertical-align:middle;display:inline-block}<\/style>\t\t\t\t\t\t\t<figure class=\"wp-caption\">\n\t\t\t\t\t\t\t\t\t\t<img fetchpriority=\"high\" decoding=\"async\" width=\"300\" height=\"300\" src=\"https:\/\/www.bsc-floersheim.de\/wp-content\/uploads\/2023\/11\/cropped-cropped-bsclogo_50mm-2-300x300.png\" class=\"attachment-medium size-medium wp-image-273\" alt=\"\" srcset=\"https:\/\/www.bsc-floersheim.de\/wp-content\/uploads\/2023\/11\/cropped-cropped-bsclogo_50mm-2-300x300.png 300w, https:\/\/www.bsc-floersheim.de\/wp-content\/uploads\/2023\/11\/cropped-cropped-bsclogo_50mm-2-150x150.png 150w, https:\/\/www.bsc-floersheim.de\/wp-content\/uploads\/2023\/11\/cropped-cropped-bsclogo_50mm-2-370x370.png 370w, https:\/\/www.bsc-floersheim.de\/wp-content\/uploads\/2023\/11\/cropped-cropped-bsclogo_50mm-2-90x90.png 90w, https:\/\/www.bsc-floersheim.de\/wp-content\/uploads\/2023\/11\/cropped-cropped-bsclogo_50mm-2-406x406.png 406w, https:\/\/www.bsc-floersheim.de\/wp-content\/uploads\/2023\/11\/cropped-cropped-bsclogo_50mm-2-500x500.png 500w, https:\/\/www.bsc-floersheim.de\/wp-content\/uploads\/2023\/11\/cropped-cropped-bsclogo_50mm-2-400x400.png 400w, https:\/\/www.bsc-floersheim.de\/wp-content\/uploads\/2023\/11\/cropped-cropped-bsclogo_50mm-2-32x32.png 32w, https:\/\/www.bsc-floersheim.de\/wp-content\/uploads\/2023\/11\/cropped-cropped-bsclogo_50mm-2.png 512w\" sizes=\"(max-width: 300px) 100vw, 300px\" \/>\t\t\t\t\t\t\t\t\t\t\t<figcaption class=\"widget-image-caption wp-caption-text\"><\/figcaption>\n\t\t\t\t\t\t\t\t\t\t<\/figure>\n\t\t\t\t\t\t\t<\/div>\n\t\t\t\t<\/div>\n\t\t\t\t<\/div>\n\t\t<div class=\"elementor-element elementor-element-4f08179b e-flex e-con-boxed e-con e-parent\" data-id=\"4f08179b\" data-element_type=\"container\">\n\t\t\t\t\t<div class=\"e-con-inner\">\n\t\t\t\t<div class=\"elementor-element elementor-element-1c4ef02e sc_fly_static elementor-widget elementor-widget-text-editor\" data-id=\"1c4ef02e\" data-element_type=\"widget\" data-widget_type=\"text-editor.default\">\n\t\t\t\t<div class=\"elementor-widget-container\">\n\t\t\t<style>\/*! elementor - v3.22.0 - 26-06-2024 *\/\n.elementor-widget-text-editor.elementor-drop-cap-view-stacked .elementor-drop-cap{background-color:#69727d;color:#fff}.elementor-widget-text-editor.elementor-drop-cap-view-framed .elementor-drop-cap{color:#69727d;border:3px solid;background-color:transparent}.elementor-widget-text-editor:not(.elementor-drop-cap-view-default) .elementor-drop-cap{margin-top:8px}.elementor-widget-text-editor:not(.elementor-drop-cap-view-default) .elementor-drop-cap-letter{width:1em;height:1em}.elementor-widget-text-editor .elementor-drop-cap{float:left;text-align:center;line-height:1;font-size:50px}.elementor-widget-text-editor .elementor-drop-cap-letter{display:inline-block}<\/style>\t\t\t\t<!-- wp:paragraph -->\n<h5>1985. Die Welt tr\u00e4gt <br \/>VokuHila und gestreifte Hosen&#8230;<\/h5>\n<p><br \/><img decoding=\"async\" class=\"wp-image-1157 size-medium alignright\" src=\"https:\/\/www.bsc-floersheim.de\/wp-content\/uploads\/2024\/06\/Floersheimer-Schiffchen-264x300.jpg\" alt=\"\" width=\"264\" height=\"300\" srcset=\"https:\/\/www.bsc-floersheim.de\/wp-content\/uploads\/2024\/06\/Floersheimer-Schiffchen-264x300.jpg 264w, https:\/\/www.bsc-floersheim.de\/wp-content\/uploads\/2024\/06\/Floersheimer-Schiffchen-902x1024.jpg 902w, https:\/\/www.bsc-floersheim.de\/wp-content\/uploads\/2024\/06\/Floersheimer-Schiffchen-768x871.jpg 768w, https:\/\/www.bsc-floersheim.de\/wp-content\/uploads\/2024\/06\/Floersheimer-Schiffchen-370x420.jpg 370w, https:\/\/www.bsc-floersheim.de\/wp-content\/uploads\/2024\/06\/Floersheimer-Schiffchen-818x928.jpg 818w, https:\/\/www.bsc-floersheim.de\/wp-content\/uploads\/2024\/06\/Floersheimer-Schiffchen-406x461.jpg 406w, https:\/\/www.bsc-floersheim.de\/wp-content\/uploads\/2024\/06\/Floersheimer-Schiffchen-441x500.jpg 441w, https:\/\/www.bsc-floersheim.de\/wp-content\/uploads\/2024\/06\/Floersheimer-Schiffchen-353x400.jpg 353w, https:\/\/www.bsc-floersheim.de\/wp-content\/uploads\/2024\/06\/Floersheimer-Schiffchen-28x32.jpg 28w, https:\/\/www.bsc-floersheim.de\/wp-content\/uploads\/2024\/06\/Floersheimer-Schiffchen.jpg 1181w\" sizes=\"(max-width: 264px) 100vw, 264px\" \/>Am 19. Mai 1985 fand sich eine Gruppe junger Tischtennisspieler des TV Fl\u00f6rsheim zusammen, um einen neuen Verein zu gr\u00fcnden. Mit viel Unterst\u00fctzung von befreundeten Vereinen umschiffte das junge Vorstandsteam diverse Anlaufschwierigkeiten, um ab Anfang September 1985 endlich als eingetragener Verein zu starten.<\/p>\n<p>In der ersten Saison mussten mangels Hallenzeiten alle Spiele ausw\u00e4rts ausgetragen werden, Equipment und Trainingsm\u00f6glichkeiten stellten insbesondere der OSC H\u00f6chst, die TuS Kriftel sowie der TV Wallau. Doch schon in der Wintersaison 85\/86 hatte der BSC \u00fcber 50 Mitglieder und konnte zehn eigene Mannschaften aufstellen. Einige\u00a0 Gr\u00fcndungsmitglieder sind immer noch dabei!<br \/><br \/>Die aktuellen Punktspiele und Tabellenpl\u00e4tze Tischtennis findet ihr unter Tischtennis \/ MyTischtennis (externer Link).<\/p>\n<!-- \/wp:paragraph --><!-- wp:paragraph -->\n<h5>M\u00f6chtest du ein Mofa gewinnen oder Badminton spielen?<\/h5>\n<p><br \/><img decoding=\"async\" class=\"wp-image-1134 size-medium alignleft\" src=\"https:\/\/www.bsc-floersheim.de\/wp-content\/uploads\/2024\/06\/bsc-history-162x300.jpg\" alt=\"\" width=\"162\" height=\"300\" srcset=\"https:\/\/www.bsc-floersheim.de\/wp-content\/uploads\/2024\/06\/bsc-history-162x300.jpg 162w, https:\/\/www.bsc-floersheim.de\/wp-content\/uploads\/2024\/06\/bsc-history-370x686.jpg 370w, https:\/\/www.bsc-floersheim.de\/wp-content\/uploads\/2024\/06\/bsc-history-270x500.jpg 270w, https:\/\/www.bsc-floersheim.de\/wp-content\/uploads\/2024\/06\/bsc-history-216x400.jpg 216w, https:\/\/www.bsc-floersheim.de\/wp-content\/uploads\/2024\/06\/bsc-history-17x32.jpg 17w, https:\/\/www.bsc-floersheim.de\/wp-content\/uploads\/2024\/06\/bsc-history.jpg 396w\" sizes=\"(max-width: 162px) 100vw, 162px\" \/>Die Idee, eine Abteilung Badminton zu gr\u00fcnden entstand auf einem Sommerfest 1989. Vorerst einzige Trainingsst\u00e4tte war der Gymnastik-Raum der alten Graf-Stauffenberg-Schule, als Netz wurde eine Schnur gespannt. Mit Unterst\u00fctzung der Stadt Fl\u00f6rsheim konnte ein Jahr sp\u00e4ter in die Riedschul-Halle gewechselt werden.<\/p>\n<p>Bereits 1990 stieg man mit zwei engegierten Mannschaften in der C-Klasse ein, um sich langsam hochzuarbeiten. Ab 2010 gr\u00fcndet der BSC eine Spielgemeinschaft mit der DISBU R\u00fcsselsheim. Aber auch etliche Hobby-Spieler und Spielerinnen nehmen seit vielen Jahren am freien Spiel, an den Vereinsmeisterschaften und an ausw\u00e4rtigen Veranstaltungen wie z.B. dem Gruftie-Turnier in Mayen teil. Heute sind beide Abteilungen ann\u00e4hernd gleich gro\u00df.<\/p>\n<p>Aktuelle Tabellenpl\u00e4tze Badminton findet ihr unter Badminton \/ Mannschaften&#8220; und in der HBV NuLiga (externer Link).<\/p>\n<!-- \/wp:paragraph --><!-- wp:paragraph -->\n<blockquote>\n<h5>Was sonst noch so passiert ist&#8230;<\/h5>\n<p>Seit \u00fcber 20 Jahren finden regelm\u00e4\u00dfig <br \/>die \u201eTT-Mini-Meisterschaften\u201c statt. <br \/>Von 2002 bis 2018 musste j\u00e4hrlich ein Spanferkel dran glauben. <br \/>Ab und zu gibt es Sonderveranstaltungen wie z.B. gef\u00fchrte Radtouren.<br \/>2021 haben wir einen F\u00f6rderbescheid f\u00fcr Digitalisierung erhalten. <br \/>Seit 2023 nehmen wir an einem Recycling-Projekt f\u00fcr Badminton-Materialien teil. Ausserdem haben wir eine Ausschreibung zur Entwicklung eines Mobilit\u00e4ts-Tools gewonnen. <span style=\"color: #333333;\">Bleibt dran!<\/span><\/p>\n<\/blockquote>\n<!-- \/wp:paragraph -->\t\t\t\t\t\t<\/div>\n\t\t\t\t<\/div>\n\t\t\t\t\t<\/div>\n\t\t\t\t<\/div>\n\t\t\t\t<\/div>\n\t\t","protected":false},"excerpt":{"rendered":"<p>1985. Die Welt tr\u00e4gt VokuHila und gestreifte Hosen&#8230; Am 19. Mai 1985 fand sich eine Gruppe junger Tischtennisspieler des TV&hellip;<\/p>\n","protected":false},"author":1,"featured_media":120,"parent":38,"menu_order":0,"comment_status":"closed","ping_status":"closed","template":"","meta":{"footnotes":""},"_links":{"self":[{"href":"https:\/\/www.bsc-floersheim.de\/index.php?rest_route=\/wp\/v2\/pages\/80"}],"collection":[{"href":"https:\/\/www.bsc-floersheim.de\/index.php?rest_route=\/wp\/v2\/pages"}],"about":[{"href":"https:\/\/www.bsc-floersheim.de\/index.php?rest_route=\/wp\/v2\/types\/page"}],"author":[{"embeddable":true,"href":"https:\/\/www.bsc-floersheim.de\/index.php?rest_route=\/wp\/v2\/users\/1"}],"replies":[{"embeddable":true,"href":"https:\/\/www.bsc-floersheim.de\/index.php?rest_route=%2Fwp%2Fv2%2Fcomments&post=80"}],"version-history":[{"count":81,"href":"https:\/\/www.bsc-floersheim.de\/index.php?rest_route=\/wp\/v2\/pages\/80\/revisions"}],"predecessor-version":[{"id":1373,"href":"https:\/\/www.bsc-floersheim.de\/index.php?rest_route=\/wp\/v2\/pages\/80\/revisions\/1373"}],"up":[{"embeddable":true,"href":"https:\/\/www.bsc-floersheim.de\/index.php?rest_route=\/wp\/v2\/pages\/38"}],"wp:featuredmedia":[{"embeddable":true,"href":"https:\/\/www.bsc-floersheim.de\/index.php?rest_route=\/wp\/v2\/media\/120"}],"wp:attachment":[{"href":"https:\/\/www.bsc-floersheim.de\/index.php?rest_route=%2Fwp%2Fv2%2Fmedia&parent=80"}],"curies":[{"name":"wp","href":"https:\/\/api.w.org\/{rel}","templated":true}]}}